 factor of s and y?
3
Let r be ((-14)/4)/(-6 - (-44)/8). What is the highest common divisor of 175 and r?
7
Suppose -p + 1 = -1. Let x(k) = 11*k + 59. Let u(l) = -6*l - 30. Let h(g) = 5*u(g) + 3*x(g). Let r be h(-7). Calculate the greatest common factor of r and p.
2
Suppose 0 = 2*t - 1 - 3. Suppose 2*c = 5*c - t*v - 31, -2*c = -3*v - 29. Let x be c + (-3)/1 + -3. Calculate the highest common divisor of x and 11.
1
Suppose 2*l - 25 + 7 = 0. Suppose 30*q - 25*q - 180 = 0. Suppose 0 = -h + q. Calculate the greatest common divisor of h and l.
9
Let c be (-636125)/(-1500) - (2 - 46/24). What is the greatest common factor of c and 530?
106
Let o be (-1036)/(-35)*30/4. What is the highest common factor of 4 and o?
2
Let s = 42 - -1. What is the highest common divisor of 43 and s?
43
Let i(p) = 141*p - 10. Let l be i(2). What is the highest common factor of 32 and l?
16
Let f be (9/(9/98))/(-1 + 3). Let p = 2 + f. What is the highest common divisor of 153 and p?
51
Let w be (-12606)/(-627) + 4/(-38). Calculate the highest common factor of 340 and w.
20
Suppose -5*d + w + 562 = 0, 0 = 2*d - w - 47 - 179. Calculate the highest common factor of 140 and d.
28
Let z = -71 + 101. Let j = -18 + z. Calculate the greatest common factor of j and 132.
12
Let b = -24 - -55. Suppose n - 2*y - b = 6, 5*y - 9 = -n. Calculate the greatest common factor of n and 116.
29
Suppose 99 + 96 = 15*a. Let w = 9 + 95. What is the highest common factor of w and a?
13
Let a(d) be the first derivative of -d**3/3 - 11*d**2/2 - 23*d + 14. Let t be a(-7). Calculate the greatest common divisor of t and 20.
5
Suppose -2*n = -5*g - 94, -91*g - 3*n = -93*g - 42. Let x be 2*115 + 0/(-2). Let m be (g/5)/((-4)/x). Calculate the greatest common factor of m and 23.
23
Let a(v) = -32*v - 708. Let z be a(-23). Suppose 4*m - 5*q = 56, 0*q + 4*q - 42 = -3*m. Calculate the greatest common divisor of m and z.
14
Suppose 4*t - 333 = t. Suppose 5*b = 4*f - t, 3*f - 121 = -f + 3*b. Let d = f - 2. What is the greatest common divisor of 16 and d?
16
Suppose -11*i + 102 = -96. What is the greatest common divisor of i and 78?
6
Let z be (-2)/(1 - 3) - -1. Let k be (20/z - 0)/2. Let t = k + 10. What is the highest common factor of 45 and t?
15
Suppose 50 = 4*j - 14. Suppose 0 = -3*d + m + 14, 3*d - 18 = -0*d + 3*m. Suppose -d*n = 60 - 508. Calculate the highest common factor of n and j.
16
Suppose 0 = -3*w - 5*s + 71, 4*w - 3*s = 11 + 103. Suppose -2*d + 4 + 2 = 0. Suppose -27 = -6*x + d*x. Calculate the greatest common divisor of w and x.
9
Let j be (94/8)/(76/5776). What is the highest common divisor of j and 47?
47
Let k(t) = 186*t + 1. Let v be k(3). Suppose -2*y + l = -0*l - 561, 2*y + l - v = 0. Suppose -y = -2*o - 0*o. What is the greatest common factor of o and 20?
20
Let l(f) = f**2 + 2*f - 5. Let b(s) = -s**2 - s + 1. Let q(i) = -3*b(i) - l(i). Let r be q(2). What is the highest common divisor of 30 and r?
6
Let l(g) = 8*g**2 - 3*g - 3. Let i be l(3). Let z(b) = 2*b**3 - 4*b**2 - 3*b + 6. Let a be z(3). What is the highest common divisor of i and a?
15
Let r be ((-3)/2)/(6/(-88)). Let v(h) = h**2 + 3*h - 15. Let c be v(-7). Suppose 4*q - 163 = c. What is the greatest common divisor of q and r?
22
Suppose 6*i - 10*i + 80 = 0. Let b(x) = -x**2 - 6*x - 6. Let a be b(-4). Suppose -a*o = 2*o - 32. Calculate the highest common factor of o and i.
4
Let k(p) = -p - 9. Let f be k(-11). Suppose -q + 0*x + 6 = -f*x, 5*x + 45 = 5*q. What is the highest common divisor of 3 and q?
3
Suppose -5*a + 9 + 28 = 4*i, 3*i = 2*a - 24. Suppose 3*c - 21*c + 864 = 0. Suppose -3*y + c + a = 0. What is the greatest common divisor of y and 19?
19
Let f = 69 + -59. Let h(i) = 3*i**2 - i. Let t be h(1). Suppose 0 = -3*y + t*y + 40. What is the highest common divisor of y and f?
10
Suppose -5*k = -8*k - 69. Let i = k + 104. What is the greatest common factor of i and 54?
27
Let r = -19 + 32. Suppose -5*n = -2*x - 508, -5*n = 4*x - 165 - 319. Let u = 4 + n. Calculate the greatest common divisor of u and r.
13
Let p be 5*(-30)/(-1) + 5. Calculate the highest common divisor of 5 and p.
5
Let g be ((10387/34)/13)/(1/18). What is the greatest common divisor of 9 and g?
9
Let m(n) = 2*n**2 - 8*n + 4. Suppose 4*l + 3*u = -0*l + 21, -10 = -2*l - 2*u. Let z be m(l). What is the highest common factor of z and 7?
7
Let s be 9*2*(-8)/(-16). What is the greatest common divisor of s and 225?
9
Let f(g) = g**2 + 4*g - 4. Let d be f(-4). Let k be (-1 - (-26)/2) + d. What is the greatest common factor of k and 72?
8
Let s be 12*((-217)/(-186) - 2/4). What is the highest common factor of 236 and s?
4
Let p(f) = f**3 - 10*f**2 - 9*f - 5. Let y be p(11). Calculate the highest common divisor of 2533 and y.
17
Suppose -44*n = -65*n + 798. Calculate the highest common divisor of 1843 and n.
19
Let d be (-7)/14 + 18/4. Suppose -5*a + d = -1. Let v = 24 + a. Calculate the greatest common divisor of v and 5.
5
Let p(x) = -x - 1. Let c be p(0). Let l be -20*((-3)/(-2) + -1 + c). Calculate the highest common factor of 90 and l.
10
Suppose -3*c - 128 - 96 = -2*i, 3*i - 5*c = 335. What is the greatest common factor of 46 and i?
23
Let g(s) = -s**3 + 2*s - 21. Let a be g(0). Let d = 53 + a. Calculate the greatest common divisor of 4 and d.
4
Let w = -6 + 9. Suppose 6*p + 3*k - 336 = 3*p, 112 = p + w*k. What is the greatest common factor of p and 16?
16
Let f be (-517)/(-99) - (-8)/(-36). What is the greatest common factor of f and 845?
5
Suppose -3*g - 2*q = -202, 281 = -5*g + 9*g + 5*q. Let z = 54 + -30. What is the highest common factor of z and g?
8
Let b be ((-5)/2*1)/(23/(-46)). Let u = b + 19. Calculate the highest common divisor of 32 and u.
8
Let t(i) = 2*i**2 + 37*i + 55. Let k be t(-17). What is the highest common divisor of k and 36?
4
Suppose 4*g - 5*t - 45 = 253, 208 = 3*g + 4*t. Let n be -9*2/10*-5. What is the highest common divisor of n and g?
9
Suppose -5*f - 6 = 5*k - 106, -4*k - 3*f = -77. Calculate the greatest common factor of 17 and k.
17
Let j(i) = -427*i - 735. Let c be j(-13). What is the greatest common factor of 86 and c?
86
Suppose 65 = 2*c + 5*u, 3*u = c + 3*c - 65. Suppose -16*j + 17*j = c. Calculate the highest common factor of 220 and j.
20
Let f be 1 - ((-6)/2 + -2). Let x be ((-30)/(-3))/(-1*(-2 - 0)). Let c(s) = s**2 - 3*s - 4. Let i be c(x). Calculate the greatest common factor of i and f.
6
Suppose -9*k = 16*k - 1400. Calculate the greatest common divisor of k and 20.
4
Suppose 3*p = -4*z - 11, 2*p - 16 = 3*z + 5. Suppose u + 3*a = 9, -u + 43 = p*u + 5*a. What is the greatest common factor of 30 and u?
6
Suppose -2*a - 3*j = -756, -12 = -29*j + 32*j. What is the greatest common factor of 60 and a?
12
Let v(r) = r**2 + 14*r + 39. Let w be v(-13). Let h be 65*22/(-15)*(-4 - -1). Calculate the highest common factor of w and h.
26
Let i = 3 + 2. Suppose 315 = 7*g + 280. Calculate the highest common divisor of i and g.
5
Suppose -1020 = -2*l + 82. What is the highest common factor of l and 57?
19
Let t = 262 + -169. Suppose -j - 3*z - 2 = -3*j, 5*z = -2*j + 18. Suppose -j*b + 124 = -0*b. What is the greatest common factor of b and t?
31
Let p = -5 - -20. Let n = 24 - 15. Let z be 0/3 - (4 - n). Calculate the greatest common divisor of p and z.
5
Suppose -11*c + 29 = -70. Let f be (1/2)/(9/18). Calculate the greatest common factor of f and c.
1
Let v(i) = 63*i - 298. Let g be v(7). What is the greatest common factor of 182 and g?
13
Let t = -19 + 28. Let b be ((-8)/(-6) + -1)/((-2)/18). Let o be (-9)/(-1) + b + 3. Calculate the highest common factor of t and o.
9
Let j = -242 - -385. Calculate the greatest common factor of 297 and j.
11
Let p = -112 - -210. What is the highest common factor of 112 and p?
14
Suppose 0 = 4*i - 0*i - 5*z - 26, 0 = 3*i + 5*z - 2. Let v(s) = 3*s**3 + 3*s**2 - 5*s - 4. Let b be v(i). What is the highest common divisor of 24 and b?
24
Let z(o) = 3*o**2 - 17*o + 92. Let t be z(4). What is the greatest common factor of t and 756?
36
Let c be 0 + -1 - 17*-1. Let q = 5074 + -5073. Calculate the greatest common factor of c and q.
1
Let j = 37 + -16. Suppose -15*d + 11*d + 56 = 0. What is the highest common divisor of d and j?
7
Let s be 1/(-4) + 1 + 45/20. Suppose -h + 32 = 4*v, v - 5 = 4*h + s. Wh